{"id":328,"date":"2018-09-22T12:54:01","date_gmt":"2018-09-22T12:54:01","guid":{"rendered":"https:\/\/glasix.ch\/Wordpress\/?page_id=328"},"modified":"2018-09-23T15:59:04","modified_gmt":"2018-09-23T15:59:04","slug":"atelier","status":"publish","type":"page","link":"https:\/\/glasix.ch\/Wordpress\/","title":{"rendered":"Atelier"},"content":{"rendered":"<p>Die Arbeit an der Flamme &#8211; das Spiel mit Feuer und Licht &#8211; ist eine meditative T\u00e4tigkeit, bei der ich absolute Ruhe ben\u00f6tige. Sie beinhaltet auch im Hier und Jetzt sein; keine ablenkenden Gedanken zulassend.<\/p>\n<p>Auf der Haut getragen wird das harte und kalte Glas anschmiegsam und weich, nimmt die W\u00e4rme der Tr\u00e4gerin auf und ber\u00fchrt in einer angenehmen schwere.<\/p>\n<p>Arbeit mit Glas<br \/>\nDie Faszination von Glas besteht f\u00fcr mich in seiner Leuchtkraft, der Intensit\u00e4t der Farben, in seiner Tiefenwirkung und der M\u00f6glichkeit Licht einzufangen, zu b\u00fcndeln und weiter zu geben.<\/p>\n<p>Etwas Unfassbares &#8211; fassbar machen<\/p>\n","protected":false},"excerpt":{"rendered":"<p>Die Arbeit an der Flamme &#8211; das Spiel mit Feuer und Licht &#8211; ist eine meditative T\u00e4tigkeit, bei der ich[&#8230;]<\/p>\n","protected":false},"author":1,"featured_media":132,"parent":0,"menu_order":0,"comment_status":"closed","ping_status":"closed","template":"","meta":{"footnotes":""},"class_list":["post-328","page","type-page","status-publish","has-post-thumbnail","hentry"],"_links":{"self":[{"href":"https:\/\/glasix.ch\/Wordpress\/wp-json\/wp\/v2\/pages\/328","targetHints":{"allow":["GET"]}}],"collection":[{"href":"https:\/\/glasix.ch\/Wordpress\/wp-json\/wp\/v2\/pages"}],"about":[{"href":"https:\/\/glasix.ch\/Wordpress\/wp-json\/wp\/v2\/types\/page"}],"author":[{"embeddable":true,"href":"https:\/\/glasix.ch\/Wordpress\/wp-json\/wp\/v2\/users\/1"}],"replies":[{"embeddable":true,"href":"https:\/\/glasix.ch\/Wordpress\/wp-json\/wp\/v2\/comments?post=328"}],"version-history":[{"count":7,"href":"https:\/\/glasix.ch\/Wordpress\/wp-json\/wp\/v2\/pages\/328\/revisions"}],"predecessor-version":[{"id":342,"href":"https:\/\/glasix.ch\/Wordpress\/wp-json\/wp\/v2\/pages\/328\/revisions\/342"}],"wp:featuredmedia":[{"embeddable":true,"href":"https:\/\/glasix.ch\/Wordpress\/wp-json\/wp\/v2\/media\/132"}],"wp:attachment":[{"href":"https:\/\/glasix.ch\/Wordpress\/wp-json\/wp\/v2\/media?parent=328"}],"curies":[{"name":"wp","href":"https:\/\/api.w.org\/{rel}","templated":true}]}}